{"id":322,"date":"2025-12-10T23:34:13","date_gmt":"2025-12-10T23:34:13","guid":{"rendered":"https:\/\/garagemjorgedelgado.pt\/home\/?page_id=322"},"modified":"2025-12-25T11:51:10","modified_gmt":"2025-12-25T11:51:10","slug":"politica-de-cookies","status":"publish","type":"page","link":"https:\/\/garagemjorgedelgado.pt\/home\/politica-de-cookies\/","title":{"rendered":"Pol\u00edtica de Cookies"},"content":{"rendered":"\t\t<div data-elementor-type=\"wp-page\" data-elementor-id=\"322\" class=\"elementor elementor-322\" data-elementor-post-type=\"page\">\n\t\t\t\t<div class=\"elementor-element elementor-element-6a6fe4e e-flex e-con-boxed e-con e-parent\" data-id=\"6a6fe4e\" data-element_type=\"container\">\n\t\t\t\t\t<div class=\"e-con-inner\">\n\t\t\t\t<div class=\"elementor-element elementor-element-d5cefc1 elementor-widget elementor-widget-heading\" data-id=\"d5cefc1\" data-element_type=\"widget\" data-widget_type=\"heading.default\">\n\t\t\t\t\t<h2 class=\"elementor-heading-title elementor-size-default\">Pol\u00edtica de Cookies<\/h2>\t\t\t\t<\/div>\n\t\t\t\t<div class=\"elementor-element elementor-element-d3b7faa elementor-widget elementor-widget-text-editor\" data-id=\"d3b7faa\" data-element_type=\"widget\" data-widget_type=\"text-editor.default\">\n\t\t\t\t\t\t\t\t\t<p class=\"ng-star-inserted\"><strong class=\"ng-star-inserted\"><span class=\"ng-star-inserted\">Garagem Jorge Delgado<\/span><\/strong><\/p><p class=\"ng-star-inserted\"><strong class=\"ng-star-inserted\"><span class=\"ng-star-inserted\">Pol\u00edtica de Cookies<\/span><\/strong><\/p><p class=\"ng-star-inserted\"><span class=\"ng-star-inserted\">\u00daltima atualiza\u00e7\u00e3o: 10 de dezembro 2025<\/span><\/p><p class=\"ng-star-inserted\"><span class=\"ng-star-inserted\">Esta Pol\u00edtica de Cookies explica o que s\u00e3o cookies e como os utilizamos no nosso website <a href=\"http:\/\/www.garagemjorgedelgado.pt\">www.garagemjorgedelgado.pt<\/a>. Ao continuar a navegar no nosso website, e ap\u00f3s aceitar a nossa pol\u00edtica de cookies atrav\u00e9s do banner de consentimento, concorda com a utiliza\u00e7\u00e3o de cookies de acordo com esta pol\u00edtica.<\/span><\/p><hr class=\"ng-star-inserted\" \/><p class=\"ng-star-inserted\"><strong class=\"ng-star-inserted\"><span class=\"ng-star-inserted\">1. O que s\u00e3o Cookies?<\/span><\/strong><\/p><p class=\"ng-star-inserted\"><span class=\"ng-star-inserted\">Cookies s\u00e3o pequenos ficheiros de texto que s\u00e3o armazenados no seu dispositivo (computador, tablet, smartphone) quando visita um website. Estes ficheiros cont\u00eam informa\u00e7\u00f5es que podem ser lidas pelo website na sua pr\u00f3xima visita, permitindo-o &#8220;lembrar-se&#8221; das suas a\u00e7\u00f5es ou prefer\u00eancias ao longo do tempo. Os cookies s\u00e3o amplamente utilizados para fazer os websites funcionarem de forma mais eficiente, bem como para fornecer informa\u00e7\u00f5es aos propriet\u00e1rios do site.<\/span><\/p><hr class=\"ng-star-inserted\" \/><p class=\"ng-star-inserted\"><strong class=\"ng-star-inserted\"><span class=\"ng-star-inserted\">2. Como Utilizamos os Cookies?<\/span><\/strong><\/p><p class=\"ng-star-inserted\"><span class=\"ng-star-inserted\">Utilizamos cookies por v\u00e1rias raz\u00f5es, incluindo:<\/span><\/p><ul class=\"ng-star-inserted\"><li class=\"ng-star-inserted\"><p class=\"ng-star-inserted\"><strong class=\"ng-star-inserted\"><span class=\"ng-star-inserted\">Funcionalidade:<\/span><\/strong><span class=\"ng-star-inserted\">\u00a0Para fazer o nosso website funcionar corretamente e de forma eficiente.<\/span><\/p><\/li><li class=\"ng-star-inserted\"><p class=\"ng-star-inserted\"><strong class=\"ng-star-inserted\"><span class=\"ng-star-inserted\">Melhoria da Experi\u00eancia do Utilizador:<\/span><\/strong><span class=\"ng-star-inserted\">\u00a0Para personalizar a sua experi\u00eancia, lembrando as suas prefer\u00eancias.<\/span><\/p><\/li><li class=\"ng-star-inserted\"><p class=\"ng-star-inserted\"><strong class=\"ng-star-inserted\"><span class=\"ng-star-inserted\">An\u00e1lise:<\/span><\/strong><span class=\"ng-star-inserted\">\u00a0Para compreender como os utilizadores interagem com o nosso website, quais as p\u00e1ginas mais visitadas e quais os conte\u00fados mais populares, o que nos ajuda a otimizar o website e os nossos servi\u00e7os.<\/span><\/p><\/li><li class=\"ng-star-inserted\"><p class=\"ng-star-inserted\"><strong class=\"ng-star-inserted\"><span class=\"ng-star-inserted\">Publicidade:<\/span><\/strong><span class=\"ng-star-inserted\">\u00a0Para apresentar an\u00fancios que sejam mais relevantes para si e para os seus interesses.<\/span><\/p><\/li><\/ul><hr class=\"ng-star-inserted\" \/><p class=\"ng-star-inserted\"><strong class=\"ng-star-inserted\"><span class=\"ng-star-inserted\">3. Tipos de Cookies Utilizados<\/span><\/strong><\/p><p class=\"ng-star-inserted\"><span class=\"ng-star-inserted\">No nosso website, utilizamos os seguintes tipos de cookies:<\/span><\/p><p class=\"ng-star-inserted\"><strong class=\"ng-star-inserted\"><span class=\"ng-star-inserted\">a) Cookies Estritamente Necess\u00e1rios (Essenciais):<\/span><\/strong><\/p><ul class=\"ng-star-inserted\"><li class=\"ng-star-inserted\"><p class=\"ng-star-inserted\"><span class=\"ng-star-inserted\">Estes cookies s\u00e3o essenciais para o funcionamento do website e n\u00e3o podem ser desativados nos nossos sistemas. S\u00e3o geralmente definidos apenas em resposta a a\u00e7\u00f5es feitas por si que equivalem a um pedido de servi\u00e7os, como definir as suas prefer\u00eancias de privacidade, iniciar sess\u00e3o ou preencher formul\u00e1rios.<\/span><\/p><\/li><li class=\"ng-star-inserted\"><p class=\"ng-star-inserted\"><strong class=\"ng-star-inserted\"><span class=\"ng-star-inserted\">Exemplos:<\/span><\/strong><span class=\"ng-star-inserted\">\u00a0Cookies de sess\u00e3o, cookies de seguran\u00e7a, cookies de consentimento de cookies (para lembrar as suas prefer\u00eancias de cookies).<\/span><\/p><\/li><li class=\"ng-star-inserted\"><p class=\"ng-star-inserted\"><strong class=\"ng-star-inserted\"><span class=\"ng-star-inserted\">Finalidade:<\/span><\/strong><span class=\"ng-star-inserted\">\u00a0Permitir a navega\u00e7\u00e3o e o acesso a \u00e1reas seguras do website. Sem estes cookies, o website n\u00e3o funcionaria corretamente.<\/span><\/p><\/li><li class=\"ng-star-inserted\"><p class=\"ng-star-inserted\"><strong class=\"ng-star-inserted\"><span class=\"ng-star-inserted\">Base Legal:<\/span><\/strong><span class=\"ng-star-inserted\">\u00a0Interesse leg\u00edtimo no funcionamento do website. N\u00e3o exigem consentimento pr\u00e9vio.<\/span><\/p><\/li><\/ul><p class=\"ng-star-inserted\"><strong class=\"ng-star-inserted\"><span class=\"ng-star-inserted\">b) Cookies de Desempenho e An\u00e1lise:<\/span><\/strong><\/p><ul class=\"ng-star-inserted\"><li class=\"ng-star-inserted\"><p class=\"ng-star-inserted\"><span class=\"ng-star-inserted\">Estes cookies permitem-nos contar visitas e fontes de tr\u00e1fego, para que possamos medir e melhorar o desempenho do nosso website. Eles ajudam-nos a saber quais as p\u00e1ginas mais e menos populares e a ver como os visitantes se movem pelo site. Todas as informa\u00e7\u00f5es que estes cookies recolhem s\u00e3o agregadas e, portanto, an\u00f3nimas.<\/span><\/p><\/li><li class=\"ng-star-inserted\"><p class=\"ng-star-inserted\"><strong class=\"ng-star-inserted\"><span class=\"ng-star-inserted\">Exemplos:<\/span><\/strong><span class=\"ng-star-inserted\">\u00a0Cookies do Google Analytics ou ferramentas similares.<\/span><\/p><\/li><li class=\"ng-star-inserted\"><p class=\"ng-star-inserted\"><strong class=\"ng-star-inserted\"><span class=\"ng-star-inserted\">Finalidade:<\/span><\/strong><span class=\"ng-star-inserted\">\u00a0Analisar o uso do website para otimizar a experi\u00eancia do utilizador e os nossos servi\u00e7os.<\/span><\/p><\/li><li class=\"ng-star-inserted\"><p class=\"ng-star-inserted\"><strong class=\"ng-star-inserted\"><span class=\"ng-star-inserted\">Base Legal:<\/span><\/strong><span class=\"ng-star-inserted\">\u00a0O seu consentimento.<\/span><\/p><\/li><\/ul><p class=\"ng-star-inserted\"><strong class=\"ng-star-inserted\"><span class=\"ng-star-inserted\">c) Cookies de Funcionalidade:<\/span><\/strong><\/p><ul class=\"ng-star-inserted\"><li class=\"ng-star-inserted\"><p class=\"ng-star-inserted\"><span class=\"ng-star-inserted\">Estes cookies permitem que o website forne\u00e7a funcionalidades e personaliza\u00e7\u00e3o melhoradas. Podem ser definidos por n\u00f3s ou por fornecedores terceiros cujos servi\u00e7os adicion\u00e1mos \u00e0s nossas p\u00e1ginas.<\/span><\/p><\/li><li class=\"ng-star-inserted\"><p class=\"ng-star-inserted\"><strong class=\"ng-star-inserted\"><span class=\"ng-star-inserted\">Exemplos:<\/span><\/strong><span class=\"ng-star-inserted\">\u00a0Cookies que se lembram das suas prefer\u00eancias de idioma ou regi\u00e3o.<\/span><\/p><\/li><li class=\"ng-star-inserted\"><p class=\"ng-star-inserted\"><strong class=\"ng-star-inserted\"><span class=\"ng-star-inserted\">Finalidade:<\/span><\/strong><span class=\"ng-star-inserted\">\u00a0Melhorar a experi\u00eancia de navega\u00e7\u00e3o e a personaliza\u00e7\u00e3o do website.<\/span><\/p><\/li><li class=\"ng-star-inserted\"><p class=\"ng-star-inserted\"><strong class=\"ng-star-inserted\"><span class=\"ng-star-inserted\">Base Legal:<\/span><\/strong><span class=\"ng-star-inserted\">\u00a0O seu consentimento.<\/span><\/p><\/li><\/ul><p class=\"ng-star-inserted\"><strong class=\"ng-star-inserted\"><span class=\"ng-star-inserted\">d) Cookies de Publicidade e de Terceiros:<\/span><\/strong><\/p><ul class=\"ng-star-inserted\"><li class=\"ng-star-inserted\"><p class=\"ng-star-inserted\"><span class=\"ng-star-inserted\">Estes cookies podem ser definidos atrav\u00e9s do nosso website pelos nossos parceiros de publicidade. Podem ser usados por essas empresas para construir um perfil dos seus interesses e mostrar-lhe an\u00fancios relevantes noutros sites. Eles n\u00e3o armazenam diretamente informa\u00e7\u00f5es pessoais, mas s\u00e3o baseados na identifica\u00e7\u00e3o exclusiva do seu navegador e dispositivo de internet.<\/span><\/p><\/li><li class=\"ng-star-inserted\"><p class=\"ng-star-inserted\"><strong class=\"ng-star-inserted\"><span class=\"ng-star-inserted\">Exemplos:<\/span><\/strong><span class=\"ng-star-inserted\">\u00a0Cookies do Google Ads, Facebook Pixel, etc.<\/span><\/p><\/li><li class=\"ng-star-inserted\"><p class=\"ng-star-inserted\"><strong class=\"ng-star-inserted\"><span class=\"ng-star-inserted\">Finalidade:<\/span><\/strong><span class=\"ng-star-inserted\">\u00a0Apresentar publicidade personalizada e medir a efic\u00e1cia das campanhas publicit\u00e1rias.<\/span><\/p><\/li><li class=\"ng-star-inserted\"><p class=\"ng-star-inserted\"><strong class=\"ng-star-inserted\"><span class=\"ng-star-inserted\">Base Legal:<\/span><\/strong><span class=\"ng-star-inserted\">\u00a0O seu consentimento.<\/span><\/p><\/li><\/ul><hr class=\"ng-star-inserted\" \/><p class=\"ng-star-inserted\"><strong class=\"ng-star-inserted\"><span class=\"ng-star-inserted\">4. Gest\u00e3o e Desativa\u00e7\u00e3o de Cookies<\/span><\/strong><\/p><p class=\"ng-star-inserted\"><span class=\"ng-star-inserted\">Tem o direito de escolher aceitar ou recusar cookies. Pode gerir as suas prefer\u00eancias de cookies a qualquer momento atrav\u00e9s do nosso\u00a0<\/span><strong class=\"ng-star-inserted\"><span class=\"ng-star-inserted\">[Link para o gestor de consentimento de cookies ou ferramenta de prefer\u00eancias de privacidade no seu site, se tiver um]<\/span><\/strong><span class=\"ng-star-inserted\">\u00a0ou configurando as defini\u00e7\u00f5es do seu navegador de internet.<\/span><\/p><p class=\"ng-star-inserted\"><span class=\"ng-star-inserted\">A maioria dos navegadores permite:<\/span><\/p><ul class=\"ng-star-inserted\"><li class=\"ng-star-inserted\"><p class=\"ng-star-inserted\"><span class=\"ng-star-inserted\">Verificar quais cookies est\u00e3o armazenados e elimin\u00e1-los individualmente.<\/span><\/p><\/li><li class=\"ng-star-inserted\"><p class=\"ng-star-inserted\"><span class=\"ng-star-inserted\">Bloquear cookies de terceiros.<\/span><\/p><\/li><li class=\"ng-star-inserted\"><p class=\"ng-star-inserted\"><span class=\"ng-star-inserted\">Bloquear cookies de sites espec\u00edficos.<\/span><\/p><\/li><li class=\"ng-star-inserted\"><p class=\"ng-star-inserted\"><span class=\"ng-star-inserted\">Bloquear todos os cookies de serem armazenados.<\/span><\/p><\/li><li class=\"ng-star-inserted\"><p class=\"ng-star-inserted\"><span class=\"ng-star-inserted\">Eliminar todos os cookies ao fechar o seu navegador.<\/span><\/p><\/li><\/ul><p class=\"ng-star-inserted\"><span class=\"ng-star-inserted\">A desativa\u00e7\u00e3o de cookies pode afetar a funcionalidade de algumas partes do nosso website e poder\u00e1 ter de redefinir as suas prefer\u00eancias sempre que visitar o site.<\/span><\/p><p class=\"ng-star-inserted\"><span class=\"ng-star-inserted\">Para mais informa\u00e7\u00f5es sobre como gerir cookies nos navegadores mais comuns, pode consultar:<\/span><\/p><ul class=\"ng-star-inserted\"><li class=\"ng-star-inserted\"><p class=\"ng-star-inserted\"><a href=\"https:\/\/support.google.com\/chrome\/answer\/95647?hl=pt&amp;co=GENIE.Platform%3DDesktop\"><strong class=\"ng-star-inserted\"><span class=\"ng-star-inserted\">Google Chrome<\/span><\/strong><\/a><\/p><\/li><li class=\"ng-star-inserted\"><p class=\"ng-star-inserted\"><a href=\"https:\/\/www.firefox.com\/pt-PT\/privacy\/websites\/cookie-settings\/\"><strong class=\"ng-star-inserted\"><span class=\"ng-star-inserted\">Mozilla Firefox<\/span><\/strong><\/a><\/p><\/li><li class=\"ng-star-inserted\"><p class=\"ng-star-inserted\"><a href=\"https:\/\/support.microsoft.com\/pt-pt\/windows\/gerir-cookies-no-microsoft-edge-ver-permitir-bloquear-eliminar-e-utilizar-168dab11-0753-043d-7c16-ede5947fc64d\"><strong class=\"ng-star-inserted\"><span class=\"ng-star-inserted\">Microsoft Edge<\/span><\/strong><\/a><\/p><\/li><li class=\"ng-star-inserted\"><p class=\"ng-star-inserted\"><a href=\"https:\/\/support.apple.com\/pt-pt\/guide\/deployment\/depf7d5714d4\/web\"><strong class=\"ng-star-inserted\"><span class=\"ng-star-inserted\">Safari (Mac)<\/span><\/strong><\/a><\/p><\/li><\/ul><hr class=\"ng-star-inserted\" \/><p class=\"ng-star-inserted\"><strong class=\"ng-star-inserted\"><span class=\"ng-star-inserted\">5. Altera\u00e7\u00f5es \u00e0 Pol\u00edtica de Cookies<\/span><\/strong><\/p><p class=\"ng-star-inserted\"><span class=\"ng-star-inserted\">Reservamo-nos o direito de atualizar esta Pol\u00edtica de Cookies periodicamente para refletir altera\u00e7\u00f5es nas nossas pr\u00e1ticas de cookies ou por outras raz\u00f5es operacionais, legais ou regulamentares. Aconselhamos a rever esta pol\u00edtica regularmente para se manter informado sobre como estamos a utilizar os cookies.<\/span><\/p><hr class=\"ng-star-inserted\" \/><p class=\"ng-star-inserted\"><strong class=\"ng-star-inserted\"><span class=\"ng-star-inserted\">6. Contacte-nos<\/span><\/strong><\/p><p class=\"ng-star-inserted\"><span class=\"ng-star-inserted\">Se tiver alguma quest\u00e3o sobre a nossa Pol\u00edtica de Cookies, por favor, contacte-nos:<\/span><br class=\"ng-star-inserted\" \/><span class=\"ng-star-inserted\">Por e-mail:\u00a0<a href=\"mailto:geral@gjd.pt\">geral@gjd.pt<\/a><\/span><br class=\"ng-star-inserted\" \/><span class=\"ng-star-inserted\">Por telefone: + 351 276 346 257\u00a0<\/span><br class=\"ng-star-inserted\" \/><span class=\"ng-star-inserted\">Por correio: Fonte, Outeiro Juz\u00e3o 5400-575 Chaves<\/span><\/p><hr class=\"ng-star-inserted\" \/>\t\t\t\t\t\t\t\t<\/div>\n\t\t\t\t\t<\/div>\n\t\t\t\t<\/div>\n\t\t\t\t<\/div>\n\t\t","protected":false},"excerpt":{"rendered":"<p>Pol\u00edtica de Cookies Garagem Jorge Delgado Pol\u00edtica de Cookies \u00daltima atualiza\u00e7\u00e3o: 10 de dezembro 2025 Esta Pol\u00edtica de Cookies explica o que s\u00e3o cookies e como os utilizamos no nosso website www.garagemjorgedelgado.pt. Ao continuar a navegar no nosso website, e ap\u00f3s aceitar a nossa pol\u00edtica de cookies atrav\u00e9s do banner de consentimento, concorda com a [&hellip;]<\/p>\n","protected":false},"author":1,"featured_media":0,"parent":0,"menu_order":0,"comment_status":"closed","ping_status":"closed","template":"elementor_header_footer","meta":{"pagelayer_contact_templates":[],"_pagelayer_content":"","footnotes":""},"class_list":["post-322","page","type-page","status-publish","hentry"],"_links":{"self":[{"href":"https:\/\/garagemjorgedelgado.pt\/home\/wp-json\/wp\/v2\/pages\/322","targetHints":{"allow":["GET"]}}],"collection":[{"href":"https:\/\/garagemjorgedelgado.pt\/home\/wp-json\/wp\/v2\/pages"}],"about":[{"href":"https:\/\/garagemjorgedelgado.pt\/home\/wp-json\/wp\/v2\/types\/page"}],"author":[{"embeddable":true,"href":"https:\/\/garagemjorgedelgado.pt\/home\/wp-json\/wp\/v2\/users\/1"}],"replies":[{"embeddable":true,"href":"https:\/\/garagemjorgedelgado.pt\/home\/wp-json\/wp\/v2\/comments?post=322"}],"version-history":[{"count":10,"href":"https:\/\/garagemjorgedelgado.pt\/home\/wp-json\/wp\/v2\/pages\/322\/revisions"}],"predecessor-version":[{"id":869,"href":"https:\/\/garagemjorgedelgado.pt\/home\/wp-json\/wp\/v2\/pages\/322\/revisions\/869"}],"wp:attachment":[{"href":"https:\/\/garagemjorgedelgado.pt\/home\/wp-json\/wp\/v2\/media?parent=322"}],"curies":[{"name":"wp","href":"https:\/\/api.w.org\/{rel}","templated":true}]}}